{"id":462,"date":"2022-10-27T16:00:47","date_gmt":"2022-10-27T16:00:47","guid":{"rendered":"https:\/\/www.confabitarevarese.org\/?page_id=462"},"modified":"2022-10-27T16:22:54","modified_gmt":"2022-10-27T16:22:54","slug":"convention-nazionale-2021","status":"publish","type":"page","link":"https:\/\/www.confabitarevarese.org\/index.php\/convention-nazionale-2021\/","title":{"rendered":"Convention Nazionale 2021"},"content":{"rendered":"\t\t<div data-elementor-type=\"wp-page\" data-elementor-id=\"462\" class=\"elementor elementor-462\">\n\t\t\t\t\t\t<section class=\"elementor-section elementor-top-section elementor-element elementor-element-9291ff7 elementor-section-boxed elementor-section-height-default elementor-section-height-default\" data-id=\"9291ff7\" data-element_type=\"section\" data-e-type=\"section\">\n\t\t\t\t\t\t<div class=\"elementor-container elementor-column-gap-default\">\n\t\t\t\t\t<div class=\"elementor-column elementor-col-100 elementor-top-column elementor-element elementor-element-c38de3a\" data-id=\"c38de3a\" data-element_type=\"column\" data-e-type=\"column\">\n\t\t\t<div class=\"elementor-widget-wrap elementor-element-populated\">\n\t\t\t\t\t\t<div class=\"elementor-element elementor-element-76290df elementor-widget elementor-widget-heading\" data-id=\"76290df\" data-element_type=\"widget\" data-e-type=\"widget\" data-widget_type=\"heading.default\">\n\t\t\t\t<div class=\"elementor-widget-container\">\n\t\t\t\t\t<h2 class=\"elementor-heading-title elementor-size-default\"><b style=\", serif;font-size: 12pt;white-space: normal\"><span style=\"font-size: 28pt;color: red\">CONVENTION NAZIONALE 2021<\/span><\/b><\/h2>\t\t\t\t<\/div>\n\t\t\t\t<\/div>\n\t\t\t\t\t<\/div>\n\t\t<\/div>\n\t\t\t\t\t<\/div>\n\t\t<\/section>\n\t\t\t\t<section class=\"elementor-section elementor-top-section elementor-element elementor-element-93311e5 elementor-section-boxed elementor-section-height-default elementor-section-height-default\" data-id=\"93311e5\" data-element_type=\"section\" data-e-type=\"section\">\n\t\t\t\t\t\t<div class=\"elementor-container elementor-column-gap-default\">\n\t\t\t\t\t<div class=\"elementor-column elementor-col-100 elementor-top-column elementor-element elementor-element-cd603d2\" data-id=\"cd603d2\" data-element_type=\"column\" data-e-type=\"column\">\n\t\t\t<div class=\"elementor-widget-wrap elementor-element-populated\">\n\t\t\t\t\t\t<div class=\"elementor-element elementor-element-8f99c4e elementor-widget elementor-widget-text-editor\" data-id=\"8f99c4e\" data-element_type=\"widget\" data-e-type=\"widget\" data-widget_type=\"text-editor.default\">\n\t\t\t\t<div class=\"elementor-widget-container\">\n\t\t\t\t\t\t\t\t\t<p class=\"MsoNormal\" style=\"margin: 0cm; font-size: 12pt; font-family: 'Times New Roman', serif; color: #000000; text-align: center; background-image: initial; background-position: initial; background-size: initial; background-repeat: initial; background-attachment: initial; background-origin: initial; background-clip: initial;\" align=\"center\"><b><u><span style=\"font-size: 20pt; color: #050505;\">VIVERE IN COMUNE, QUANDO IL PUBBLICO COLLABORA CON IL PRIVATO \u2013 SE NE E\u2019 PARLATO ALLA CONVENTION DI CONFABITARE<\/span><\/u><\/b><\/p><p class=\"MsoNormal\" style=\"margin: 0cm; font-size: 12pt; font-family: 'Times New Roman', serif; color: #000000; text-align: justify; background-image: initial; background-position: initial; background-size: initial; background-repeat: initial; background-attachment: initial; background-origin: initial; background-clip: initial;\"><span style=\"font-size: 11.5pt; color: #050505;\">\u00a0<\/span><\/p><p class=\"MsoNormal\" style=\"margin: 0cm; font-size: 12pt; font-family: 'Times New Roman', serif; color: #000000; text-align: justify; background-image: initial; background-position: initial; background-size: initial; background-repeat: initial; background-attachment: initial; background-origin: initial; background-clip: initial;\"><span style=\"font-size: 18pt; color: #050505;\">La grande partecipazione riscontrata alla Convention Nazionale di Confabitare tenutasi il 3 e 4 dicembre presso il Savoia Regency di Bologna &#8211; commenta Alberto Zanni Presidente Nazionale di Confabitare &#8211; ci ripaga dell\u2019impegno profuso in questi anni di pandemia per rispondere alle esigenze dei nostri associati a sostegno e difesa del mondo della propriet\u00e0 immobiliare e, in generale, dell\u2019abitare nel suo significato pi\u00f9 ampio. Due giorni di full immersion nel mondo dell&#8217;immobiliare e della casa a cui hanno partecipato relatori d&#8217;eccezione, tutte le sedi Confabitare italiane e anche gli ospiti, interessati ai mutamenti del mondo della casa, sono accorsi da tutto lo stivale.<\/span><\/p><p class=\"MsoNormal\" style=\"margin: 0cm; font-size: 12pt; font-family: 'Times New Roman', serif; color: #000000; text-align: justify; background-image: initial; background-position: initial; background-size: initial; background-repeat: initial; background-attachment: initial; background-origin: initial; background-clip: initial;\"><span style=\"font-size: 18pt; color: #050505;\">\u00abIl tema \u00e8 di grande considerazione &#8211; commenta Barbara Casagrande Direttore generale Edilizia Sociale, Politiche abitative Riqualificazione urbana del Ministero delle Infrastrutture &#8211; non siamo costruttori di edifici, ma siamo costruttori comunit\u00e0 e il nostro documento programmatico lo dice chiaramente. Parlare della casa significa parlare dell\u2019abitare sociale dove il condominio e il quartiere diventano nuovi spazi di condivisione e socialit\u00e0\u00bb.<\/span><\/p><p class=\"MsoNormal\" style=\"margin: 0cm; font-size: 12pt; font-family: 'Times New Roman', serif; color: #000000; text-align: justify; background-image: initial; background-position: initial; background-size: initial; background-repeat: initial; background-attachment: initial; background-origin: initial; background-clip: initial;\"><span style=\"font-size: 18pt; color: #050505;\">\u00abA questo punto non dimentichiamoci di riflettere sui carichi di natura familiare &#8211; commenta Elena Bonetti, Ministro per le pari opportunit\u00e0 e la famiglia &#8211; bisogna puntare a un modello inclusivo e ad uno sviluppo sostenibile. Si deve pensare a rigenerare le comunit\u00e0, perch\u00e9 non riusciamo a capire ancora come si evolver\u00e0 il rapporto fra le citt\u00e0 e preferire\u00bb.<\/span><\/p><p class=\"MsoNormal\" style=\"margin: 0cm; font-size: 12pt; font-family: 'Times New Roman', serif; color: #000000; text-align: justify; background-image: initial; background-position: initial; background-size: initial; background-repeat: initial; background-attachment: initial; background-origin: initial; background-clip: initial;\"><span style=\"font-size: 18pt; color: #050505;\">\u00abLa grande soddisfazione di vedere la sala piena (coi dovuti distanziamenti) ci ha ampiamente ripagato di tutti gli sforzi che abbiamo fatto quest&#8217;ultimo anno per organizzare la convention &#8211; continua Alberto Zanni &#8211; i relatori erano tanti, perch\u00e9 tanti erano gli argomenti da affrontare. Il mondo della casa \u00e8 fortemente mutato in questi ultimi anni e bisognava fare il punto, discutere delle nuove norme e del nuovo vivere gli spazi in una societ\u00e0 fortemente mutata\u00bb.<\/span><\/p><p class=\"MsoNormal\" style=\"margin: 0cm; font-size: 12pt; font-family: 'Times New Roman', serif; color: #000000; text-align: justify; background-image: initial; background-position: initial; background-size: initial; background-repeat: initial; background-attachment: initial; background-origin: initial; background-clip: initial;\"><span style=\"font-size: 18pt; color: #050505;\">La Convention Nazionale di Confabitare per le sue caratteristiche ha ottenuto il patrocinio Unesco, della Regione Emilia Romagna, del Comune di Bologna, dell&#8217;ordine degli Architetti, dell&#8217;ordine degli Agronomi e del Sole24Ore.<\/span><\/p><p class=\"MsoNormal\" style=\"margin: 0cm; font-size: 12pt; font-family: 'Times New Roman', serif; color: #000000; text-align: justify;\">\u00a0<\/p>\t\t\t\t\t\t\t\t<\/div>\n\t\t\t\t<\/div>\n\t\t\t\t\t<\/div>\n\t\t<\/div>\n\t\t\t\t\t<\/div>\n\t\t<\/section>\n\t\t\t\t<section class=\"elementor-section elementor-top-section elementor-element elementor-element-4fc0685 elementor-section-boxed elementor-section-height-default elementor-section-height-default\" data-id=\"4fc0685\" data-element_type=\"section\" data-e-type=\"section\">\n\t\t\t\t\t\t<div class=\"elementor-container elementor-column-gap-default\">\n\t\t\t\t\t<div class=\"elementor-column elementor-col-100 elementor-top-column elementor-element elementor-element-13cce96\" data-id=\"13cce96\" data-element_type=\"column\" data-e-type=\"column\">\n\t\t\t<div class=\"elementor-widget-wrap elementor-element-populated\">\n\t\t\t\t\t\t<div class=\"elementor-element elementor-element-8560268 elementor-widget elementor-widget-image-gallery\" data-id=\"8560268\" data-element_type=\"widget\" data-e-type=\"widget\" data-widget_type=\"image-gallery.default\">\n\t\t\t\t<div class=\"elementor-widget-container\">\n\t\t\t\t\t\t\t<div class=\"elementor-image-gallery\">\n\t\t\t<div id='gallery-1' class='gallery galleryid-462 gallery-columns-3 gallery-size-medium'><figure class='gallery-item'>\r\n            <div class='gallery-icon landscape'>\r\n                <a href='https:\/\/www.confabitarevarese.org\/wp-content\/uploads\/2022\/10\/266318645_299975225469671_913594160643097951_n.jpeg' data-fancybox='group3' data-caption='Il Presidente Nazionale ACLI '><img fetchpriority=\"high\" decoding=\"async\" width=\"300\" height=\"225\" src=\"https:\/\/www.confabitarevarese.org\/wp-content\/uploads\/2022\/10\/266318645_299975225469671_913594160643097951_n-300x225.jpeg\" class=\"attachment-medium size-medium\" alt=\"\" aria-describedby=\"gallery-1-475\" srcset=\"https:\/\/www.confabitarevarese.org\/wp-content\/uploads\/2022\/10\/266318645_299975225469671_913594160643097951_n-300x225.jpeg 300w, https:\/\/www.confabitarevarese.org\/wp-content\/uploads\/2022\/10\/266318645_299975225469671_913594160643097951_n-1024x768.jpeg 1024w, https:\/\/www.confabitarevarese.org\/wp-content\/uploads\/2022\/10\/266318645_299975225469671_913594160643097951_n-768x576.jpeg 768w, https:\/\/www.confabitarevarese.org\/wp-content\/uploads\/2022\/10\/266318645_299975225469671_913594160643097951_n-80x60.jpeg 80w, https:\/\/www.confabitarevarese.org\/wp-content\/uploads\/2022\/10\/266318645_299975225469671_913594160643097951_n.jpeg 1440w\" sizes=\"(max-width: 300px) 100vw, 300px\" \/><\/a>\r\n            <\/div>\r\n                <figcaption class='wp-caption-text gallery-caption' id='gallery-1-475'>\r\n                Il Presidente Nazionale ACLI \r\n                <\/figcaption><\/figure><figure class='gallery-item'>\r\n            <div class='gallery-icon landscape'>\r\n                <a href='https:\/\/www.confabitarevarese.org\/wp-content\/uploads\/2022\/10\/266141553_299975172136343_3316046514536646925_n.jpeg' data-fancybox='group3' data-caption='L&#039;intervento Cesare Damiano ex Ministro del Lavoro'><img decoding=\"async\" width=\"300\" height=\"300\" src=\"https:\/\/www.confabitarevarese.org\/wp-content\/uploads\/2022\/10\/266141553_299975172136343_3316046514536646925_n-300x300.jpeg\" class=\"attachment-medium size-medium\" alt=\"\" aria-describedby=\"gallery-1-474\" srcset=\"https:\/\/www.confabitarevarese.org\/wp-content\/uploads\/2022\/10\/266141553_299975172136343_3316046514536646925_n-300x300.jpeg 300w, https:\/\/www.confabitarevarese.org\/wp-content\/uploads\/2022\/10\/266141553_299975172136343_3316046514536646925_n-1024x1024.jpeg 1024w, https:\/\/www.confabitarevarese.org\/wp-content\/uploads\/2022\/10\/266141553_299975172136343_3316046514536646925_n-150x150.jpeg 150w, https:\/\/www.confabitarevarese.org\/wp-content\/uploads\/2022\/10\/266141553_299975172136343_3316046514536646925_n-768x768.jpeg 768w, https:\/\/www.confabitarevarese.org\/wp-content\/uploads\/2022\/10\/266141553_299975172136343_3316046514536646925_n-435x435.jpeg 435w, https:\/\/www.confabitarevarese.org\/wp-content\/uploads\/2022\/10\/266141553_299975172136343_3316046514536646925_n-60x60.jpeg 60w, https:\/\/www.confabitarevarese.org\/wp-content\/uploads\/2022\/10\/266141553_299975172136343_3316046514536646925_n.jpeg 1080w\" sizes=\"(max-width: 300px) 100vw, 300px\" \/><\/a>\r\n            <\/div>\r\n                <figcaption class='wp-caption-text gallery-caption' id='gallery-1-474'>\r\n                L&#8217;intervento Cesare Damiano ex Ministro del Lavoro\r\n                <\/figcaption><\/figure><figure class='gallery-item'>\r\n            <div class='gallery-icon landscape'>\r\n                <a href='https:\/\/www.confabitarevarese.org\/wp-content\/uploads\/2022\/10\/266121433_299975322136328_4715624892045644293_n.jpeg' data-fancybox='group3' data-caption='AD NOMISMA'><img decoding=\"async\" width=\"300\" height=\"300\" src=\"https:\/\/www.confabitarevarese.org\/wp-content\/uploads\/2022\/10\/266121433_299975322136328_4715624892045644293_n-300x300.jpeg\" class=\"attachment-medium size-medium\" alt=\"\" aria-describedby=\"gallery-1-473\" srcset=\"https:\/\/www.confabitarevarese.org\/wp-content\/uploads\/2022\/10\/266121433_299975322136328_4715624892045644293_n-300x300.jpeg 300w, https:\/\/www.confabitarevarese.org\/wp-content\/uploads\/2022\/10\/266121433_299975322136328_4715624892045644293_n-1024x1024.jpeg 1024w, https:\/\/www.confabitarevarese.org\/wp-content\/uploads\/2022\/10\/266121433_299975322136328_4715624892045644293_n-150x150.jpeg 150w, https:\/\/www.confabitarevarese.org\/wp-content\/uploads\/2022\/10\/266121433_299975322136328_4715624892045644293_n-768x768.jpeg 768w, https:\/\/www.confabitarevarese.org\/wp-content\/uploads\/2022\/10\/266121433_299975322136328_4715624892045644293_n-435x435.jpeg 435w, https:\/\/www.confabitarevarese.org\/wp-content\/uploads\/2022\/10\/266121433_299975322136328_4715624892045644293_n-60x60.jpeg 60w, https:\/\/www.confabitarevarese.org\/wp-content\/uploads\/2022\/10\/266121433_299975322136328_4715624892045644293_n.jpeg 1080w\" sizes=\"(max-width: 300px) 100vw, 300px\" \/><\/a>\r\n            <\/div>\r\n                <figcaption class='wp-caption-text gallery-caption' id='gallery-1-473'>\r\n                AD NOMISMA\r\n                <\/figcaption><\/figure><figure class='gallery-item'>\r\n            <div class='gallery-icon landscape'>\r\n                <a href='https:\/\/www.confabitarevarese.org\/wp-content\/uploads\/2022\/10\/265990842_299975282136332_315582060410498994_n.jpeg' data-fancybox='group3' data-caption='Elena Bonetti - Ministro della Famiglia'><img loading=\"lazy\" decoding=\"async\" width=\"300\" height=\"225\" src=\"https:\/\/www.confabitarevarese.org\/wp-content\/uploads\/2022\/10\/265990842_299975282136332_315582060410498994_n-300x225.jpeg\" class=\"attachment-medium size-medium\" alt=\"\" aria-describedby=\"gallery-1-472\" srcset=\"https:\/\/www.confabitarevarese.org\/wp-content\/uploads\/2022\/10\/265990842_299975282136332_315582060410498994_n-300x225.jpeg 300w, https:\/\/www.confabitarevarese.org\/wp-content\/uploads\/2022\/10\/265990842_299975282136332_315582060410498994_n-1024x768.jpeg 1024w, https:\/\/www.confabitarevarese.org\/wp-content\/uploads\/2022\/10\/265990842_299975282136332_315582060410498994_n-768x576.jpeg 768w, https:\/\/www.confabitarevarese.org\/wp-content\/uploads\/2022\/10\/265990842_299975282136332_315582060410498994_n-80x60.jpeg 80w, https:\/\/www.confabitarevarese.org\/wp-content\/uploads\/2022\/10\/265990842_299975282136332_315582060410498994_n.jpeg 1440w\" sizes=\"(max-width: 300px) 100vw, 300px\" \/><\/a>\r\n            <\/div>\r\n                <figcaption class='wp-caption-text gallery-caption' id='gallery-1-472'>\r\n                Elena Bonetti &#8211; Ministro della Famiglia\r\n                <\/figcaption><\/figure><figure class='gallery-item'>\r\n            <div class='gallery-icon landscape'>\r\n                <a href='https:\/\/www.confabitarevarese.org\/wp-content\/uploads\/2022\/10\/265982192_299975192136341_113699686013678799_n.jpeg' data-fancybox='group3' data-caption='Il saluto del Presidente Nazionale alberto Zanni'><img loading=\"lazy\" decoding=\"async\" width=\"300\" height=\"300\" src=\"https:\/\/www.confabitarevarese.org\/wp-content\/uploads\/2022\/10\/265982192_299975192136341_113699686013678799_n-300x300.jpeg\" class=\"attachment-medium size-medium\" alt=\"\" aria-describedby=\"gallery-1-471\" srcset=\"https:\/\/www.confabitarevarese.org\/wp-content\/uploads\/2022\/10\/265982192_299975192136341_113699686013678799_n-300x300.jpeg 300w, https:\/\/www.confabitarevarese.org\/wp-content\/uploads\/2022\/10\/265982192_299975192136341_113699686013678799_n-1024x1024.jpeg 1024w, https:\/\/www.confabitarevarese.org\/wp-content\/uploads\/2022\/10\/265982192_299975192136341_113699686013678799_n-150x150.jpeg 150w, https:\/\/www.confabitarevarese.org\/wp-content\/uploads\/2022\/10\/265982192_299975192136341_113699686013678799_n-768x768.jpeg 768w, https:\/\/www.confabitarevarese.org\/wp-content\/uploads\/2022\/10\/265982192_299975192136341_113699686013678799_n-435x435.jpeg 435w, https:\/\/www.confabitarevarese.org\/wp-content\/uploads\/2022\/10\/265982192_299975192136341_113699686013678799_n-60x60.jpeg 60w, https:\/\/www.confabitarevarese.org\/wp-content\/uploads\/2022\/10\/265982192_299975192136341_113699686013678799_n.jpeg 1080w\" sizes=\"(max-width: 300px) 100vw, 300px\" \/><\/a>\r\n            <\/div>\r\n                <figcaption class='wp-caption-text gallery-caption' id='gallery-1-471'>\r\n                Il saluto del Presidente Nazionale alberto Zanni\r\n                <\/figcaption><\/figure><figure class='gallery-item'>\r\n            <div class='gallery-icon landscape'>\r\n                <a href='https:\/\/www.confabitarevarese.org\/wp-content\/uploads\/2022\/10\/265810239_299975295469664_7226000683008924851_n.jpeg' data-fancybox='group3' data-caption='Il pubblico in sala'><img loading=\"lazy\" decoding=\"async\" width=\"300\" height=\"300\" src=\"https:\/\/www.confabitarevarese.org\/wp-content\/uploads\/2022\/10\/265810239_299975295469664_7226000683008924851_n-300x300.jpeg\" class=\"attachment-medium size-medium\" alt=\"\" aria-describedby=\"gallery-1-470\" srcset=\"https:\/\/www.confabitarevarese.org\/wp-content\/uploads\/2022\/10\/265810239_299975295469664_7226000683008924851_n-300x300.jpeg 300w, https:\/\/www.confabitarevarese.org\/wp-content\/uploads\/2022\/10\/265810239_299975295469664_7226000683008924851_n-1024x1024.jpeg 1024w, https:\/\/www.confabitarevarese.org\/wp-content\/uploads\/2022\/10\/265810239_299975295469664_7226000683008924851_n-150x150.jpeg 150w, https:\/\/www.confabitarevarese.org\/wp-content\/uploads\/2022\/10\/265810239_299975295469664_7226000683008924851_n-768x768.jpeg 768w, https:\/\/www.confabitarevarese.org\/wp-content\/uploads\/2022\/10\/265810239_299975295469664_7226000683008924851_n-435x435.jpeg 435w, https:\/\/www.confabitarevarese.org\/wp-content\/uploads\/2022\/10\/265810239_299975295469664_7226000683008924851_n-60x60.jpeg 60w, https:\/\/www.confabitarevarese.org\/wp-content\/uploads\/2022\/10\/265810239_299975295469664_7226000683008924851_n.jpeg 1080w\" sizes=\"(max-width: 300px) 100vw, 300px\" \/><\/a>\r\n            <\/div>\r\n                <figcaption class='wp-caption-text gallery-caption' id='gallery-1-470'>\r\n                Il pubblico in sala\r\n                <\/figcaption><\/figure><figure class='gallery-item'>\r\n            <div class='gallery-icon landscape'>\r\n                <a href='https:\/\/www.confabitarevarese.org\/wp-content\/uploads\/2022\/10\/262146847_295833412550519_4001480245753026103_n.jpeg' data-fancybox='group3' data-caption='Anna Maria Bernini'><img loading=\"lazy\" decoding=\"async\" width=\"300\" height=\"300\" src=\"https:\/\/www.confabitarevarese.org\/wp-content\/uploads\/2022\/10\/262146847_295833412550519_4001480245753026103_n-300x300.jpeg\" class=\"attachment-medium size-medium\" alt=\"\" aria-describedby=\"gallery-1-469\" srcset=\"https:\/\/www.confabitarevarese.org\/wp-content\/uploads\/2022\/10\/262146847_295833412550519_4001480245753026103_n-300x300.jpeg 300w, https:\/\/www.confabitarevarese.org\/wp-content\/uploads\/2022\/10\/262146847_295833412550519_4001480245753026103_n-1024x1024.jpeg 1024w, https:\/\/www.confabitarevarese.org\/wp-content\/uploads\/2022\/10\/262146847_295833412550519_4001480245753026103_n-150x150.jpeg 150w, https:\/\/www.confabitarevarese.org\/wp-content\/uploads\/2022\/10\/262146847_295833412550519_4001480245753026103_n-768x768.jpeg 768w, https:\/\/www.confabitarevarese.org\/wp-content\/uploads\/2022\/10\/262146847_295833412550519_4001480245753026103_n-435x435.jpeg 435w, https:\/\/www.confabitarevarese.org\/wp-content\/uploads\/2022\/10\/262146847_295833412550519_4001480245753026103_n-60x60.jpeg 60w, https:\/\/www.confabitarevarese.org\/wp-content\/uploads\/2022\/10\/262146847_295833412550519_4001480245753026103_n.jpeg 1080w\" sizes=\"(max-width: 300px) 100vw, 300px\" \/><\/a>\r\n            <\/div>\r\n                <figcaption class='wp-caption-text gallery-caption' id='gallery-1-469'>\r\n                Anna Maria Bernini\r\n                <\/figcaption><\/figure><figure class='gallery-item'>\r\n            <div class='gallery-icon landscape'>\r\n                <a href='https:\/\/www.confabitarevarese.org\/wp-content\/uploads\/2022\/10\/261871886_296074375859756_2219278541628923130_n.jpeg' data-fancybox='group3' data-caption='La cena '><img loading=\"lazy\" decoding=\"async\" width=\"300\" height=\"225\" src=\"https:\/\/www.confabitarevarese.org\/wp-content\/uploads\/2022\/10\/261871886_296074375859756_2219278541628923130_n-300x225.jpeg\" class=\"attachment-medium size-medium\" alt=\"\" aria-describedby=\"gallery-1-468\" srcset=\"https:\/\/www.confabitarevarese.org\/wp-content\/uploads\/2022\/10\/261871886_296074375859756_2219278541628923130_n-300x225.jpeg 300w, https:\/\/www.confabitarevarese.org\/wp-content\/uploads\/2022\/10\/261871886_296074375859756_2219278541628923130_n-1024x768.jpeg 1024w, https:\/\/www.confabitarevarese.org\/wp-content\/uploads\/2022\/10\/261871886_296074375859756_2219278541628923130_n-768x576.jpeg 768w, https:\/\/www.confabitarevarese.org\/wp-content\/uploads\/2022\/10\/261871886_296074375859756_2219278541628923130_n-80x60.jpeg 80w, https:\/\/www.confabitarevarese.org\/wp-content\/uploads\/2022\/10\/261871886_296074375859756_2219278541628923130_n.jpeg 1440w\" sizes=\"(max-width: 300px) 100vw, 300px\" \/><\/a>\r\n            <\/div>\r\n                <figcaption class='wp-caption-text gallery-caption' id='gallery-1-468'>\r\n                La cena \r\n                <\/figcaption><\/figure><figure class='gallery-item'>\r\n            <div class='gallery-icon landscape'>\r\n                <a href='https:\/\/www.confabitarevarese.org\/wp-content\/uploads\/2022\/10\/261666943_295828035884390_3453601580018330154_n.jpeg' data-fancybox='group3' data-caption='Ettore Rosato'><img loading=\"lazy\" decoding=\"async\" width=\"300\" height=\"225\" src=\"https:\/\/www.confabitarevarese.org\/wp-content\/uploads\/2022\/10\/261666943_295828035884390_3453601580018330154_n-300x225.jpeg\" class=\"attachment-medium size-medium\" alt=\"\" aria-describedby=\"gallery-1-467\" srcset=\"https:\/\/www.confabitarevarese.org\/wp-content\/uploads\/2022\/10\/261666943_295828035884390_3453601580018330154_n-300x225.jpeg 300w, https:\/\/www.confabitarevarese.org\/wp-content\/uploads\/2022\/10\/261666943_295828035884390_3453601580018330154_n-1024x768.jpeg 1024w, https:\/\/www.confabitarevarese.org\/wp-content\/uploads\/2022\/10\/261666943_295828035884390_3453601580018330154_n-768x576.jpeg 768w, https:\/\/www.confabitarevarese.org\/wp-content\/uploads\/2022\/10\/261666943_295828035884390_3453601580018330154_n-80x60.jpeg 80w, https:\/\/www.confabitarevarese.org\/wp-content\/uploads\/2022\/10\/261666943_295828035884390_3453601580018330154_n.jpeg 1440w\" sizes=\"(max-width: 300px) 100vw, 300px\" \/><\/a>\r\n            <\/div>\r\n                <figcaption class='wp-caption-text gallery-caption' id='gallery-1-467'>\r\n                Ettore Rosato\r\n                <\/figcaption><\/figure>\r\n        <\/div>\n\t\t<\/div>\n\t\t\t\t\t\t<\/div>\n\t\t\t\t<\/div>\n\t\t\t\t\t<\/div>\n\t\t<\/div>\n\t\t\t\t\t<\/div>\n\t\t<\/section>\n\t\t\t\t<\/div>\n\t\t","protected":false},"excerpt":{"rendered":"<p>CONVENTION NAZIONALE 2021 VIVERE IN COMUNE, QUANDO IL PUBBLICO COLLABORA CON IL PRIVATO \u2013 SE NE E\u2019 PARLATO ALLA CONVENTION DI CONFABITARE \u00a0 La grande partecipazione riscontrata alla Convention Nazionale &hellip; <\/p>\n","protected":false},"author":1,"featured_media":0,"parent":0,"menu_order":0,"comment_status":"closed","ping_status":"closed","template":"","meta":{"footnotes":""},"class_list":["post-462","page","type-page","status-publish","hentry","fadeIn","image-hover-transition-effect","latest_post"],"_links":{"self":[{"href":"https:\/\/www.confabitarevarese.org\/index.php\/wp-json\/wp\/v2\/pages\/462","targetHints":{"allow":["GET"]}}],"collection":[{"href":"https:\/\/www.confabitarevarese.org\/index.php\/wp-json\/wp\/v2\/pages"}],"about":[{"href":"https:\/\/www.confabitarevarese.org\/index.php\/wp-json\/wp\/v2\/types\/page"}],"author":[{"embeddable":true,"href":"https:\/\/www.confabitarevarese.org\/index.php\/wp-json\/wp\/v2\/users\/1"}],"replies":[{"embeddable":true,"href":"https:\/\/www.confabitarevarese.org\/index.php\/wp-json\/wp\/v2\/comments?post=462"}],"version-history":[{"count":4,"href":"https:\/\/www.confabitarevarese.org\/index.php\/wp-json\/wp\/v2\/pages\/462\/revisions"}],"predecessor-version":[{"id":486,"href":"https:\/\/www.confabitarevarese.org\/index.php\/wp-json\/wp\/v2\/pages\/462\/revisions\/486"}],"wp:attachment":[{"href":"https:\/\/www.confabitarevarese.org\/index.php\/wp-json\/wp\/v2\/media?parent=462"}],"curies":[{"name":"wp","href":"https:\/\/api.w.org\/{rel}","templated":true}]}}